= 0, -s + d*s + 29 = 3*b. List the prime factors of b.
3, 5
Suppose -5*v - 3*b + 347 = -2*b, -2*b + 211 = 3*v. What are the prime factors of v?
3, 23
Let q(x) = -x - 5. Let d be q(-10). Suppose 4*f = 4*y - 72, -5*f + 4*f = d. List the prime factors of y.
13
Suppose 4*w = 13 - 37. Suppose 1 = 4*n - 123. List the prime factors of (-2)/w*(n + 2).
11
Let b(s) be the second derivative of 7*s**4/6 - s**3/6 - s**2/2 + s. List the prime factors of b(-1).
2, 7
Let b = -47 + 46. Let j be (1/2)/((-1)/16). List the prime factors of ((-22)/j)/(b/(-4)).
11
What are the prime factors of (-3548)/(-20) + (2 - 24/10)?
3, 59
List the prime factors of ((-55)/4 + 2)*(-24)/6.
47
Suppose -105 = 5*y - 2*y. Let u = y - -54. List the prime factors of u.
19
Suppose 5*f = f + 320. List the prime factors of f.
2, 5
Let i = 92 - 11. List the prime factors of i.
3
Suppose 3*s + i + 188 = 6*s, 3*s - 203 = 4*i. List the prime factors of s.
61
Suppose 0 = h + 4*h + 125. Let m = h - 23. List the prime factors of ((-1)/(-3))/((-8)/m).
2
Let u be ((-24)/(-10))/(2/(-30)). Let t = u + 56. Suppose -n - 4*n = -t. What are the prime factors of n?
2
Suppose 0*n = -3*n + 12. Let c = -27 - -45. Suppose -n*r = -r - c. What are the prime factors of r?
2, 3
List the prime factors of 1 - (-4 + (-8)/(-4)).
3
Let p(m) = -m**3 + 5*m + m**2 - 2 - 3*m**3 + 3*m**3. Let h be p(3). Let q = 0 - h. What are the prime factors of q?
5
Let a = -42 + 11. Let k = 5 - a. List the prime factors of k.
2, 3
Let n be (5 + 3)/(3/(-6)). Let g = n + 28. List the prime factors of g.
2, 3
Suppose -2*g + 28 = -0*g. What are the prime factors of g/6 + (-4)/(-6)?
3
Let g = 126 + 92. What are the prime factors of g?
2, 109
Let f be -5 - ((-9)/3 - -2). What are the prime factors of (-99)/(-4) - (-3)/f?
2, 3
Suppose 0 = 5*d - 25 - 20. Suppose 5*u - h = 15, 5*u + h = 2*u + d. Suppose -5*s = u*c - 20, -4*c = s - 3*c - 4. What are the prime factors of s?
2
Let n be ((-16)/(-24))/(1/81). Suppose -k + n = k. What are the prime factors of k?
3
Suppose -77 = 5*u + 148. Let w = -28 - u. List the prime factors of w.
17
Let k = 16 + -10. Suppose 0*d + k = 2*d. List the prime factors of d.
3
Let a be (0 + 5)/((-1)/(-6)). Let z = -10 + a. What are the prime factors of z?
2, 5
Let h be 2/7 + 1686/(-21). Let r = h + 116. What are the prime factors of r?
2, 3
Suppose -2*o - 8 = -4*o. What are the prime factors of o?
2
Let q = -42 + 182. List the prime factors of q.
2, 5, 7
Suppose -8 = -2*i - 2*l + 2, 0 = 3*i - 2*l + 10. Let t(y) = -y**3 - y**2 - y + 48. Let u be t(i). Suppose 2 + u = 5*d. What are the prime factors of d?
2, 5
Suppose q = 4*t - 376, 2*q - 117 - 247 = -4*t. Let o = t - 61. List the prime factors of o.
2
Let j(n) = 3*n**2 + 5*n + 17. List the prime factors of j(-8).
13
Let u(s) be the second derivative of 3*s + 1/12*s**4 + 1/3*s**3 + 3*s**2 + 0. List the prime factors of u(-4).
2, 7
Let j(c) = c - 2. Let k be j(5). Suppose -15 = 3*g + k. Let n(d) = -d. List the prime factors of n(g).
2, 3
Let i(r) = r**2 + 9*r + 7. Let t be (-12)/(-54) + 148/(-18). Let o be i(t). Let v = o - -8. List the prime factors of v.
7
Let f(k) = -k**3 + k - 1. Let t be f(0). Let g(x) = -x**3. Let u be g(t). Suppose -2*v - 3*z = -3, -u = 5*v + 3*z - 13. List the prime factors of v.
3
Let l(v) = v**3 + 22*v**2 + 16*v - 18. What are the prime factors of l(-21)?
3, 29
Let c be 3/(-3)*(0 + 6). Let p(g) = -g**3 - 5*g**2 + 2*g + 13. What are the prime factors of p(c)?
37
Suppose 2*h + 3*w = 2*w + 11, 3*h + 4*w - 14 = 0. List the prime factors of h.
2, 3
Let d(w) = -w**3 + 9*w**2 + 11*w - 17. What are the prime factors of d(9)?
2, 41
Let b = -1 + -1. Let d be (-3 + 11)*(-1)/b. Suppose -57 = -3*x - w, -d*x = -9*x - 3*w + 91. What are the prime factors of x?
2, 5
Suppose 5*t + 9 = s - 0*s, -2*s - t = -29. Suppose 3*y = -s + 20. What are the prime factors of y?
2
Let o be -8 - -14 - (-2 - -5). Let f = 8 + -4. Suppose 0*a + f*a - 4*s = 44, 0 = -5*a - o*s + 15. What are the prime factors of a?
2, 3
Suppose -2*c + 8 = 2*x - 4, -3*c + 3*x + 30 = 0. Suppose 2*n - 10 = -0*n, 0 = -u + 3*n - 14. Let d = u + c. List the prime factors of d.
3
Let w(u) = 3*u + 8*u + 13*u - 3. Let s be w(2). List the prime factors of (s/6)/3*2.
5
Suppose 3*i - f = -0*f + 8, 2*f - 8 = -2*i. What are the prime factors of i?
3
Let t(a) = 3*a**2 - a - 13. Let m be t(6). Suppose 0 = -4*u - k + m, 5*k - 27 = -3*u + 2*u. List the prime factors of u.
2, 11
Let y = 5 + -12. Let l = 11 + y. Suppose -5*a = -3*h - 10*a + 44, l*h + 2*a = 68. What are the prime factors of h?
2, 3
Let l(a) = a**2 + 5*a + 6. Let g be l(-4). List the prime factors of (g + -3)*-1 + 7.
2
Suppose 7*f - 5*f = 32. Let g = -9 + f. List the prime factors of g.
7
Let b(w) = -2*w - 1. Let z be b(-3). Suppose -2*r + 53 + 17 = z*d, 4*r - 112 = -3*d. List the prime factors of r.
5
Let y(m) = -m**3 - 9*m**2 + 5. Let b be y(-9). Suppose 0 = 5*h - 20, -b*o + 2*h - 3 = -25. List the prime factors of o.
2, 3
Let b = 21 - 13. Suppose b*w = 5*w + 48. List the prime factors of w.
2
List the prime factors of 11/(44/96) - 0.
2, 3
Let t(s) = -4*s**2 - 7*s - 2. Let u(p) = -11*p**2 - 1 + p - 21*p - 6. Let a(c) = 8*t(c) - 3*u(c). What are the prime factors of a(-5)?
2, 5
Let a(s) = s - 5. Let p be a(9). Let j(c) = 5*c - 4*c**2 + c**2 + 6 + p*c**2. List the prime factors of j(-5).
2, 3
Let s(d) = 0*d + 3 - 4 + 2*d - 9*d. What are the prime factors of s(-2)?
13
Suppose -3*f + 1 + 14 = 0, 3*f - 15 = -2*o. Suppose v - 2*v = 2*d - 22, 3*d + v - 33 = o. What are the prime factors of d?
11
Let g = 81 - 53. Suppose -3*s = s - g. What are the prime factors of s?
7
Let i = -47 + 113. Suppose -4*d = -66 - i. List the prime factors of d.
3, 11
Let a be 12/3*(-10)/(-4). Let n = -5 + a. Suppose n*t = 6 + 44. List the prime factors of t.
2, 5
Suppose 2*y + 3 + 85 = 0. Suppose 0*u - 2 = 2*u, 2*u + 127 = -5*s. Let o = s - y. What are the prime factors of o?
19
Let i(z) = -4*z - 1. List the prime factors of i(-2).
7
Suppose 2*v + 5*w - 9 = -0*w, 7 = v + 3*w. Let z = -4 - v. List the prime factors of z*(-1 - -2)/2.
2
Let i(s) = s**3 + 2*s**2 - 5*s - 3. Let z be i(-3). Suppose 2*y + 27 = z*u - 35, -42 = -3*u - 3*y. List the prime factors of u.
2, 3
Suppose -2*j + 138 = j - 5*l, -l = -4*j + 184. Suppose -a + 0*a = -g - 9, 5*a - j = 4*g. What are the prime factors of a?
2, 5
Suppose 5*w + 4*a - 10 = -1, 0 = 5*w + 2*a - 17. Suppose 0 = 3*l - 3*t - 6, -w*l + t = -35 + 5. Let i(z) = z - 5. What are the prime factors of i(l)?
2
Suppose y + 348 = -4*a + 1241, -1100 = -5*a + 2*y. Suppose -a = -5*q - q. List the prime factors of q.
37
Let v(t) = 8*t**2 + 2*t - 3. What are the prime factors of v(2)?
3, 11
Let x = 40 - -71. List the prime factors of x.
3, 37
Suppose -7*i + 3*f = -2*i - 439, -2*i + 5*f + 187 = 0. What are the prime factors of i?
2, 43
Suppose -4*q = 3*z + 85, -2*z - 2*z - 50 = 2*q. Let j = q - -31. Suppose 24 = 3*u - j. List the prime factors of u.
2, 3
Let z(i) = i**3 + 6*i**2 - 2*i - 9. Let u be z(-6). Suppose -u*k + 6 = -k. List the prime factors of k.
3
Suppose -148 + 30 = -4*c - 2*d, 26 = c - 3*d. List the prime factors of c.
29
What are the prime factors of 0 + 67 + (-15 - -15)?
67
Let i = 51 + -27. Suppose -i = -r - r. List the prime factors of r.
2, 3
Suppose -16*z - 524 = -20*z. List the prime factors of z.
131
Suppose 6*a - 46 = 38. List the prime factors of a.
2, 7
Suppose -62 = -5*w - 2. Let d be (w/(-2))/((-1)/1). Suppose y + 30 = d*y. What are the prime factors of y?
2, 3
Let w = -7 + 15. List the prime factors of (1 - (-2)/(-2)) + w.
2
Let d = 20 + -14. List the prime factors of (9/2)/(d/16).
2, 3
Let n(w) = -w + 2. Suppose 5*i = 2*d + 22, 0*i + 2*d + 10 = 3*i. Suppose 3*l - 28 = 2*y, -i*y + l = -2*y + 36. What are the prime factors of n(y)?
2, 5
Suppose 2*q - 5*q = -6. What are the prime factors of 62*(7/q)/7?
31
Suppose 0*j - 3*j + 6 = 0. Suppose -j*l + 8 = 2*l. What are the prime factors of l/(-11) - (-145)/11?
13
Let g = 0 - -2. Suppose -4*m = g*n + 6, -4*n = 2*m - m - 2. What are the prime factors of -20*1/(5/m)?
2
Let f = 93 - 16. What are the prime factors of f?
7, 11
Let g(m) = -27*m**2 + m. Let c be g(-1). Let s = 14 - 30. Let d = s - c. List the prime factors of d.
2, 3
Let f be 66/14 + 4/14. Suppose 0 = 3*k - 5*w + 10 - 126, -2*w